{"id":938,"date":"2022-02-11T09:17:46","date_gmt":"2022-02-11T08:17:46","guid":{"rendered":"http:\/\/www.partner-atos.de\/?page_id=938"},"modified":"2026-03-23T16:23:05","modified_gmt":"2026-03-23T15:23:05","slug":"br-wahlen-2022","status":"publish","type":"page","link":"https:\/\/www.partner-atos.de\/?page_id=938","title":{"rendered":"Aktuelle Beitr\u00e4ge"},"content":{"rendered":"\n<p class=\"has-medium-font-size\">Liebe Kolleginnen und Kollegen,<\/p>\n\n\n\n<p style=\"font-size:18px\">der Wahlvorstand hat das Wahlausschreiben zur Betriebsratswahl 2026 ver\u00f6ffentlicht und wir nehmen unter dem Listenkennwort <strong>\u201c<mark style=\"background-color:rgba(0, 0, 0, 0);color:#ff9900\" class=\"has-inline-color\">partner@Atos<\/mark>\u201c<\/strong> mit der <mark style=\"background-color:rgba(0, 0, 0, 0);color:#ff9900\" class=\"has-inline-color\"><strong>Listennummer 2<\/strong><\/mark> wieder an der Betriebsratswahl teil. In den mittlerweile vergangenen sechzehn Jahren haben wir immer positives Feedback zu unserer geleisteten Arbeit von euch erhalten. Wir bedanken uns ganz herzlich f\u00fcr die vielen pers\u00f6nlichen Gespr\u00e4che beim Einholen der St\u00fctzunterschriften zu unserer Kandidatenliste und den vielen Anregungen und Vorschl\u00e4gen f\u00fcr die kommende Amtszeit. Wie in vielen Gespr\u00e4chen erl\u00e4utert, bedeutet \u201ew\u00e4hlen\u201c die Zukunft aktiv mitzugestalten.<\/p>\n\n\n\n<p style=\"font-size:18px\">Auch in 2026 bieten wir unsere Kenntnisse, Kompetenzen und Fertigkeiten f\u00fcr die Betriebsratswahl mit unserem Wahlvorschlag wieder an. <mark style=\"background-color:rgba(0, 0, 0, 0)\" class=\"has-inline-color has-luminous-vivid-amber-color\"><strong><strong><mark style=\"background-color:rgba(0, 0, 0, 0);color:#ff9900\" class=\"has-inline-color\">partner@Atos<\/mark><\/strong><\/strong><\/mark> ist offen f\u00fcr Vielstimmigkeit, Ver\u00e4nderung und die Gestaltung unserer Zukunft, der Zukunft des Atos Standortes in F\u00fcrth. Wir sind unbeeinflusst und nur unserem Gewissen gegen\u00fcber verpflichtet. Die Kandidatinnen und Kandidaten von partner@Atos setzen sich engagiert gleicherma\u00dfen <strong><mark style=\"background-color:rgba(0, 0, 0, 0)\" class=\"has-inline-color has-luminous-vivid-amber-color\">f<\/mark><mark style=\"background-color:rgba(0, 0, 0, 0);color:#ff9900\" class=\"has-inline-color\">\u00fcr alle Kolleginnen und Kollegen<\/mark><\/strong> ein. Wir beurteilen nicht nach Status, Rolle, Aufgabe oder Mitgliedschaft, sondern sehen in erster Linie den Menschen, der Unterst\u00fctzung und Hilfe ben\u00f6tigt und den wir nach seinen pers\u00f6nlichen Bed\u00fcrfnissen bestm\u00f6glich unterst\u00fctzen, vorbehaltlos beraten und auf seinem Weg begleiten.<\/p>\n\n\n\n<p style=\"font-size:18px\">Der beste Weg, die Zukunft vorauszusagen ist, sie zu gestalten. Die Wahl eines Betriebsrats ist keine blo\u00dfe Formalit\u00e4t, sondern ist ein Investment in diese Zukunft. Ein Investment f\u00fcr uns alle, f\u00fcr unsere Arbeitspl\u00e4tze und nicht zuletzt f\u00fcr unseren Standort. Uns ist eine vertrauensvolle, professionelle und l\u00f6sungsorientierte Zusammenarbeit zwischen Arbeitgeber und Betriebsrat <strong><mark style=\"background-color:rgba(0, 0, 0, 0);color:#ff9900\" class=\"has-inline-color\">im Sinne aller Kolleginnen und Kollegen<\/mark><\/strong> und eine offene, ehrliche und transparente Kommunikation im Betrieb am wichtigsten.<br>T\u00e4tigt diese Investition in eure Zukunft und nehmt bitte die M\u00f6glichkeiten zur Betriebsratswahl wahr. Tragt dazu bei, dass sich die Vielstimmigkeit bei der Betrieblichen Mitbestimmung auch im kommenden Betriebsratsgremium am Standort F\u00fcrth weiterhin fortsetzt.<\/p>\n\n\n\n<p style=\"font-size:18px\">Ihr seid hiermit eingeladen, euch \u00fcber uns ein Bild zu machen und euch zu informieren.<a href=\"https:\/\/www.partner-atos.de\/?page_id=1166\"><mark style=\"background-color:rgba(0, 0, 0, 0)\" class=\"has-inline-color has-very-dark-gray-color\">Unsere <\/mark><strong><mark style=\"background-color:rgba(0, 0, 0, 0);color:#ff9900\" class=\"has-inline-color\">partner@Atos Kandidaten<\/mark><\/strong><mark style=\"background-color:rgba(0, 0, 0, 0)\" class=\"has-inline-color has-very-dark-gray-color\"> zur Betriebsratswahl<\/mark><\/a> und weitere detaillierte Informationen dazu findet ihr hier auf unserer Internetseite. Sprecht uns auch gerne direkt an und fragt nach, wie wir die einzelnen Themen sehen und wie unsere Position dazu ist<\/p>\n\n\n\n<p style=\"font-size:18px\">Eure aktuellen <strong><mark style=\"background-color:rgba(0, 0, 0, 0);color:#ff9900\" class=\"has-inline-color\">partner@Atos Betriebsr\u00e4te<\/mark><\/strong><br>Christoph, Franziska, Wolfgang , Barbara, Omneya und Anika<\/p>\n\n\n\n<figure class=\"wp-block-image size-large\"><img loading=\"lazy\" decoding=\"async\" width=\"1024\" height=\"357\" src=\"https:\/\/www.partner-atos.de\/wp-content\/uploads\/2026\/03\/image-4-1024x357.png\" alt=\"\" class=\"wp-image-2648\" srcset=\"https:\/\/www.partner-atos.de\/wp-content\/uploads\/2026\/03\/image-4-1024x357.png 1024w, https:\/\/www.partner-atos.de\/wp-content\/uploads\/2026\/03\/image-4-300x105.png 300w, https:\/\/www.partner-atos.de\/wp-content\/uploads\/2026\/03\/image-4-768x268.png 768w, https:\/\/www.partner-atos.de\/wp-content\/uploads\/2026\/03\/image-4.png 1038w\" sizes=\"auto, (max-width: 706px) 89vw, (max-width: 767px) 82vw, 740px\" \/><\/figure>\n\n\n\n<p style=\"font-size:18px\"><\/p>\n","protected":false},"excerpt":{"rendered":"<p>Liebe Kolleginnen und Kollegen, der Wahlvorstand hat das Wahlausschreiben zur Betriebsratswahl 2026 ver\u00f6ffentlicht und wir nehmen unter dem Listenkennwort \u201cpartner@Atos\u201c mit der Listennummer 2 wieder an der Betriebsratswahl teil. In den mittlerweile vergangenen sechzehn Jahren haben wir immer positives Feedback zu unserer geleisteten Arbeit von euch erhalten. Wir bedanken uns ganz herzlich f\u00fcr die vielen &hellip; <\/p>\n<p class=\"link-more\"><a href=\"https:\/\/www.partner-atos.de\/?page_id=938\" class=\"more-link\"><span class=\"screen-reader-text\">\u201eAktuelle Beitr\u00e4ge\u201c <\/span>weiterlesen<\/a><\/p>\n","protected":false},"author":1,"featured_media":0,"parent":0,"menu_order":0,"comment_status":"closed","ping_status":"closed","template":"","meta":{"footnotes":""},"class_list":["post-938","page","type-page","status-publish","hentry"],"_links":{"self":[{"href":"https:\/\/www.partner-atos.de\/index.php?rest_route=\/wp\/v2\/pages\/938","targetHints":{"allow":["GET"]}}],"collection":[{"href":"https:\/\/www.partner-atos.de\/index.php?rest_route=\/wp\/v2\/pages"}],"about":[{"href":"https:\/\/www.partner-atos.de\/index.php?rest_route=\/wp\/v2\/types\/page"}],"author":[{"embeddable":true,"href":"https:\/\/www.partner-atos.de\/index.php?rest_route=\/wp\/v2\/users\/1"}],"replies":[{"embeddable":true,"href":"https:\/\/www.partner-atos.de\/index.php?rest_route=%2Fwp%2Fv2%2Fcomments&post=938"}],"version-history":[{"count":21,"href":"https:\/\/www.partner-atos.de\/index.php?rest_route=\/wp\/v2\/pages\/938\/revisions"}],"predecessor-version":[{"id":2651,"href":"https:\/\/www.partner-atos.de\/index.php?rest_route=\/wp\/v2\/pages\/938\/revisions\/2651"}],"wp:attachment":[{"href":"https:\/\/www.partner-atos.de\/index.php?rest_route=%2Fwp%2Fv2%2Fmedia&parent=938"}],"curies":[{"name":"wp","href":"https:\/\/api.w.org\/{rel}","templated":true}]}}