{"id":2760,"date":"2026-04-15T15:34:00","date_gmt":"2026-04-15T13:34:00","guid":{"rendered":"https:\/\/www.partner-atos.de\/?page_id=2760"},"modified":"2026-04-15T15:34:01","modified_gmt":"2026-04-15T13:34:01","slug":"fuer-alle-da-nicht-nur-fuer-eine-richtung","status":"publish","type":"page","link":"https:\/\/www.partner-atos.de\/?page_id=2760","title":{"rendered":"F\u00fcr alle da. Nicht nur f\u00fcr eine Richtung."},"content":{"rendered":"\n<p>Bei der kommenden Betriebsratswahl geht es um eine zentrale Frage:<br>Wie sollen eure Interessen in Zukunft vertreten werden \u2013 durch klare, konkrete L\u00f6sungen oder durch allgemeine Aussagen?<\/p>\n\n\n\n<p>Wir als <strong><mark style=\"background-color:rgba(0, 0, 0, 0);color:#ff9900\" class=\"has-inline-color\">partner@Atos<\/mark><\/strong> stehen f\u00fcr einen Betriebsrat, der den Menschen in den Mittelpunkt stellt und Entscheidungen sachlich, unabh\u00e4ngig und im Interesse aller Besch\u00e4ftigten trifft.<\/p>\n\n\n\n<p>Unser Ansatz ist klar:<br>\u2022 L\u00f6sungen statt Schlagworte<br>\u2022 Zusammenarbeit statt Gegeneinander<br>\u2022 konkrete Ergebnisse statt reiner Versprechen<\/p>\n\n\n\n<p>Wir vertreten alle Kolleginnen und Kollegen \u2013 unabh\u00e4ngig von Zugeh\u00f6rigkeit, Netzwerk oder pers\u00f6nlichem Hintergrund. Unser Ziel ist es, Ver\u00e4nderungen aktiv mitzugestalten und dabei tragf\u00e4hige, nachvollziehbare L\u00f6sungen zu erreichen.<\/p>\n\n\n\n<p>Ein guter Betriebsrat zeigt sich nicht in der Lautst\u00e4rke seiner Aussagen, sondern in den Ergebnissen, die er f\u00fcr die Belegschaft erzielt.<\/p>\n\n\n\n<p>Deshalb bitten wir euch um euer Vertrauen und eure Stimme f\u00fcr einen Betriebsrat, der verbindet, sachlich arbeitet und konsequent f\u00fcr euch eintritt.<\/p>\n\n\n\n<figure class=\"wp-block-image size-large\"><img loading=\"lazy\" decoding=\"async\" width=\"1024\" height=\"357\" src=\"https:\/\/www.partner-atos.de\/wp-content\/uploads\/2026\/03\/image-2-1024x357.png\" alt=\"\" class=\"wp-image-2644\" srcset=\"https:\/\/www.partner-atos.de\/wp-content\/uploads\/2026\/03\/image-2-1024x357.png 1024w, https:\/\/www.partner-atos.de\/wp-content\/uploads\/2026\/03\/image-2-300x105.png 300w, https:\/\/www.partner-atos.de\/wp-content\/uploads\/2026\/03\/image-2-768x268.png 768w, https:\/\/www.partner-atos.de\/wp-content\/uploads\/2026\/03\/image-2.png 1038w\" sizes=\"auto, (max-width: 706px) 89vw, (max-width: 767px) 82vw, 740px\" \/><\/figure>\n","protected":false},"excerpt":{"rendered":"<p>Bei der kommenden Betriebsratswahl geht es um eine zentrale Frage:Wie sollen eure Interessen in Zukunft vertreten werden \u2013 durch klare, konkrete L\u00f6sungen oder durch allgemeine Aussagen? Wir als partner@Atos stehen f\u00fcr einen Betriebsrat, der den Menschen in den Mittelpunkt stellt und Entscheidungen sachlich, unabh\u00e4ngig und im Interesse aller Besch\u00e4ftigten trifft. Unser Ansatz ist klar:\u2022 L\u00f6sungen &hellip; <\/p>\n<p class=\"link-more\"><a href=\"https:\/\/www.partner-atos.de\/?page_id=2760\" class=\"more-link\"><span class=\"screen-reader-text\">\u201eF\u00fcr alle da. Nicht nur f\u00fcr eine Richtung.\u201c <\/span>weiterlesen<\/a><\/p>\n","protected":false},"author":1,"featured_media":0,"parent":0,"menu_order":0,"comment_status":"closed","ping_status":"closed","template":"","meta":{"footnotes":""},"class_list":["post-2760","page","type-page","status-publish","hentry"],"_links":{"self":[{"href":"https:\/\/www.partner-atos.de\/index.php?rest_route=\/wp\/v2\/pages\/2760","targetHints":{"allow":["GET"]}}],"collection":[{"href":"https:\/\/www.partner-atos.de\/index.php?rest_route=\/wp\/v2\/pages"}],"about":[{"href":"https:\/\/www.partner-atos.de\/index.php?rest_route=\/wp\/v2\/types\/page"}],"author":[{"embeddable":true,"href":"https:\/\/www.partner-atos.de\/index.php?rest_route=\/wp\/v2\/users\/1"}],"replies":[{"embeddable":true,"href":"https:\/\/www.partner-atos.de\/index.php?rest_route=%2Fwp%2Fv2%2Fcomments&post=2760"}],"version-history":[{"count":3,"href":"https:\/\/www.partner-atos.de\/index.php?rest_route=\/wp\/v2\/pages\/2760\/revisions"}],"predecessor-version":[{"id":2764,"href":"https:\/\/www.partner-atos.de\/index.php?rest_route=\/wp\/v2\/pages\/2760\/revisions\/2764"}],"wp:attachment":[{"href":"https:\/\/www.partner-atos.de\/index.php?rest_route=%2Fwp%2Fv2%2Fmedia&parent=2760"}],"curies":[{"name":"wp","href":"https:\/\/api.w.org\/{rel}","templated":true}]}}