{"id":1039,"date":"2026-03-11T17:00:10","date_gmt":"2026-03-11T16:00:10","guid":{"rendered":"http:\/\/www.partner-atos.de\/?page_id=1039"},"modified":"2026-04-14T07:20:57","modified_gmt":"2026-04-14T05:20:57","slug":"informationen","status":"publish","type":"page","link":"https:\/\/www.partner-atos.de\/?page_id=1039","title":{"rendered":"Infos zur BR-Wahl"},"content":{"rendered":"\n<p style=\"font-size:18px\"><strong>Am Dienstag den 05. Mai 2026 findet von 09:00 Uhr &#8211; 15:00 Uhr die Betriebsratswahl am Standort F\u00fcrth statt<\/strong>. <br>Rund 700 Mitarbeiterinnen und Mitarbeiter d\u00fcrfen ihre Stimme abgeben, direkt im Wahlb\u00fcrooder auch per Briefwahl. Du kannst mit deiner Stimme direkt Einflu\u00df darauf nehmen, dass wir als <strong><mark style=\"background-color:rgba(0, 0, 0, 0);color:#ff9900\" class=\"has-inline-color\">partner@Atos<\/mark><\/strong> deine Interessen in den kommenden vier Jahren vertreten und damit auch deine Zukunft am Standort F\u00fcrth aktiv mit gestalten.<\/p>\n\n\n\n<p style=\"font-size:18px\">Solltest du per <strong>Briefwahl<\/strong> abstimmen wollen, so m\u00fcssen deine Briefwahlunterlagen bis sp\u00e4t. 05.05.2026, 15:00 Uhr dem Wahlvorstand vorliegen. Um deine Briefwahlunterlagen zu erhalten, musst du an den <a href=\"mailto:wahlvorstand-br-wahl-fuerth@atos.net\" data-type=\"mailto\" data-id=\"mailto:wahlvorstand-br-wahl-fuerth@atos.net\">Wahlvorstand<\/a> mit deiner Atos-Email eine Email senden und diese anfordern. <br><br>Briefwahl ist m\u00f6glich, wenn du am Wahltag nicht pers\u00f6nlich im Wahllokal w\u00e4hlen kannst z. B.: Au\u00dfendienst oder Dienstreise, Homeoffice \/ mobiles Arbeiten, Krankheit oder Urlaub, Arbeit an einem anderen Standort oder eine sonstige Abwesenheit am Wahltag. Die Wahlunterlagen bekommst du an deine bei Atos hinterlegte Privatadresse zugesandt. Warte dann nicht erst ab, bis die Zeit knapp wird, erledige es gleich und gib deine Stimme ab, am Liebsten nat\u00fcrlich f\u00fcr die Liste von <strong><strong><mark style=\"background-color:rgba(0, 0, 0, 0);color:#ff9900\" class=\"has-inline-color\">partner@Atos<\/mark><\/strong><\/strong><mark style=\"background-color:rgba(0, 0, 0, 0)\" class=\"has-inline-color has-luminous-vivid-amber-color\"><strong> <\/strong><\/mark>.<\/p>\n\n\n\n<p style=\"font-size:18px\">Die Unterlagen sind bereits mit R\u00fcckporto versehen, so dass dir keine privaten Kosten entstehen. Nat\u00fcrlich kannst du die Briefwahlunterlagen einfach auch direkt bei der Poststelle einwerfen, falls du in der N\u00e4he bist und am Wahltag keine Zeit hast. Aber bitte denke daran, dass die Post auch Zeit ben\u00f6tigt, daher empfehlen wir die <strong>Wahlunterlagen bis sp\u00e4testens 28.04.2026 abzusenden.<\/strong><\/p>\n\n\n\n<p style=\"font-size:18px\">Informiere dich <a href=\"https:\/\/www.partner-atos.de\/?page_id=59\" data-type=\"page\" data-id=\"59\"><strong><mark style=\"background-color:rgba(0, 0, 0, 0);color:#ff9900\" class=\"has-inline-color\">hier \u00fcber uns<\/mark><\/strong><\/a>, erfahre etwas \u00fcber unsere Ziele und unsere Sicht- und Arbeitsweisen und gib uns mit deiner Stimme am Wahltag den Auftrag, deine Interessen beherzt und engagiert zu vertreten.<\/p>\n\n\n\n<p class=\"has-text-align-center\" style=\"font-size:30px\"><strong><mark style=\"background-color:rgba(0, 0, 0, 0);color:#ff9900\" class=\"has-inline-color\">Nutze dein Stimmrecht und gehe w\u00e4hlen!<\/mark><\/strong><\/p>\n\n\n\n<p class=\"has-text-align-center has-medium-font-size\"><strong>Wann und Wo?<\/strong><br><strong>05.05.2026, 09:00 Uhr &#8211; 15:00 Uhr<\/strong><br>F\u00fcrth, W\u00fcrzburger Stra\u00dfe 121<br>Empfangsbereich\/Konferenzzone<\/p>\n\n\n\n<p style=\"font-size:18px\"><br>Falls du Anregungen oder Fragen hast, rufe uns an, besuche uns in den R\u00e4umlichkeiten in F\u00fcrth oder schreibe uns eine Mail &#8211; wir antworten verbindlich und zeitnah. Alle Kandidatinnen und Kandidaten unserer <a href=\"https:\/\/www.partner-atos.de\/?page_id=2489\">offiziellen <mark style=\"background-color:rgba(0, 0, 0, 0);color:#ff9900\" class=\"has-inline-color\"><strong>partner@Atos<\/strong> <\/mark>Liste<\/a> stehen dir gerne mit Rat und Tat zur Verf\u00fcgung.<\/p>\n\n\n\n<p style=\"font-size:18px\">Schau regelm\u00e4\u00dfig hier vorbei \u2013 wir haben laufend Updates und aktuelle Informationen rund um die Betriebsratswahl im Mai 2026.<\/p>\n\n\n\n<p style=\"font-size:18px\"><strong>Wir freuen uns darauf, dich auch in den n\u00e4chsten vier Jahren am Standort F\u00fcrth zu vertreten und mit Empathie, Augenma\u00df und Engagement den Betrieb mit zu gestalten!<\/strong><\/p>\n\n\n\n<figure class=\"wp-block-image size-large\"><img loading=\"lazy\" decoding=\"async\" width=\"1024\" height=\"357\" src=\"https:\/\/www.partner-atos.de\/wp-content\/uploads\/2026\/03\/image-3-1024x357.png\" alt=\"\" class=\"wp-image-2646\" srcset=\"https:\/\/www.partner-atos.de\/wp-content\/uploads\/2026\/03\/image-3-1024x357.png 1024w, https:\/\/www.partner-atos.de\/wp-content\/uploads\/2026\/03\/image-3-300x105.png 300w, https:\/\/www.partner-atos.de\/wp-content\/uploads\/2026\/03\/image-3-768x268.png 768w, https:\/\/www.partner-atos.de\/wp-content\/uploads\/2026\/03\/image-3.png 1038w\" sizes=\"auto, (max-width: 706px) 89vw, (max-width: 767px) 82vw, 740px\" \/><\/figure>\n","protected":false},"excerpt":{"rendered":"<p>Am Dienstag den 05. Mai 2026 findet von 09:00 Uhr &#8211; 15:00 Uhr die Betriebsratswahl am Standort F\u00fcrth statt. Rund 700 Mitarbeiterinnen und Mitarbeiter d\u00fcrfen ihre Stimme abgeben, direkt im Wahlb\u00fcrooder auch per Briefwahl. Du kannst mit deiner Stimme direkt Einflu\u00df darauf nehmen, dass wir als partner@Atos deine Interessen in den kommenden vier Jahren vertreten &hellip; <\/p>\n<p class=\"link-more\"><a href=\"https:\/\/www.partner-atos.de\/?page_id=1039\" class=\"more-link\"><span class=\"screen-reader-text\">\u201eInfos zur BR-Wahl\u201c <\/span>weiterlesen<\/a><\/p>\n","protected":false},"author":1,"featured_media":0,"parent":0,"menu_order":0,"comment_status":"closed","ping_status":"closed","template":"","meta":{"footnotes":""},"class_list":["post-1039","page","type-page","status-publish","hentry"],"_links":{"self":[{"href":"https:\/\/www.partner-atos.de\/index.php?rest_route=\/wp\/v2\/pages\/1039","targetHints":{"allow":["GET"]}}],"collection":[{"href":"https:\/\/www.partner-atos.de\/index.php?rest_route=\/wp\/v2\/pages"}],"about":[{"href":"https:\/\/www.partner-atos.de\/index.php?rest_route=\/wp\/v2\/types\/page"}],"author":[{"embeddable":true,"href":"https:\/\/www.partner-atos.de\/index.php?rest_route=\/wp\/v2\/users\/1"}],"replies":[{"embeddable":true,"href":"https:\/\/www.partner-atos.de\/index.php?rest_route=%2Fwp%2Fv2%2Fcomments&post=1039"}],"version-history":[{"count":36,"href":"https:\/\/www.partner-atos.de\/index.php?rest_route=\/wp\/v2\/pages\/1039\/revisions"}],"predecessor-version":[{"id":2758,"href":"https:\/\/www.partner-atos.de\/index.php?rest_route=\/wp\/v2\/pages\/1039\/revisions\/2758"}],"wp:attachment":[{"href":"https:\/\/www.partner-atos.de\/index.php?rest_route=%2Fwp%2Fv2%2Fmedia&parent=1039"}],"curies":[{"name":"wp","href":"https:\/\/api.w.org\/{rel}","templated":true}]}}